{"id":4647,"date":"2018-01-03T09:10:11","date_gmt":"2018-01-03T07:10:11","guid":{"rendered":"http:\/\/www.irreel.ch\/blog\/?page_id=4647"},"modified":"2018-01-03T09:10:11","modified_gmt":"2018-01-03T07:10:11","slug":"tags-mots-cles","status":"publish","type":"page","link":"https:\/\/www.irreel.ch\/blog\/plan\/tags-mots-cles\/","title":{"rendered":"Tags, mots-cl\u00e9s"},"content":{"rendered":"<p>Toutes les \u00e9tiquettes ou mots-cl\u00e9s du site:<br \/>\n[get_tags]<\/p>\n","protected":false},"excerpt":{"rendered":"<p>Toutes les \u00e9tiquettes ou mots-cl\u00e9s du site: [get_tags]<\/p>\n","protected":false},"author":191,"featured_media":0,"parent":32,"menu_order":880,"comment_status":"closed","ping_status":"closed","template":"","meta":{"sfsi_plus_gutenberg_text_before_share":"","sfsi_plus_gutenberg_show_text_before_share":"","sfsi_plus_gutenberg_icon_type":"","sfsi_plus_gutenberg_icon_alignemt":"","sfsi_plus_gutenburg_max_per_row":"","_EventAllDay":false,"_EventTimezone":"","_EventStartDate":"","_EventEndDate":"","_EventStartDateUTC":"","_EventEndDateUTC":"","_EventShowMap":false,"_EventShowMapLink":false,"_EventURL":"","_EventCost":"","_EventCostDescription":"","_EventCurrencySymbol":"","_EventCurrencyCode":"","_EventCurrencyPosition":"","_EventDateTimeSeparator":"","_EventTimeRangeSeparator":"","_EventOrganizerID":[],"_EventVenueID":[],"_OrganizerEmail":"","_OrganizerPhone":"","_OrganizerWebsite":"","_VenueAddress":"","_VenueCity":"","_VenueCountry":"","_VenueProvince":"","_VenueState":"","_VenueZip":"","_VenuePhone":"","_VenueURL":"","_VenueStateProvince":"","_VenueLat":"","_VenueLng":"","_VenueShowMap":false,"_VenueShowMapLink":false,"footnotes":""},"class_list":["post-4647","page","type-page","status-publish","hentry"],"_links":{"self":[{"href":"https:\/\/www.irreel.ch\/blog\/wp-json\/wp\/v2\/pages\/4647","targetHints":{"allow":["GET"]}}],"collection":[{"href":"https:\/\/www.irreel.ch\/blog\/wp-json\/wp\/v2\/pages"}],"about":[{"href":"https:\/\/www.irreel.ch\/blog\/wp-json\/wp\/v2\/types\/page"}],"author":[{"embeddable":true,"href":"https:\/\/www.irreel.ch\/blog\/wp-json\/wp\/v2\/users\/191"}],"replies":[{"embeddable":true,"href":"https:\/\/www.irreel.ch\/blog\/wp-json\/wp\/v2\/comments?post=4647"}],"version-history":[{"count":1,"href":"https:\/\/www.irreel.ch\/blog\/wp-json\/wp\/v2\/pages\/4647\/revisions"}],"predecessor-version":[{"id":4648,"href":"https:\/\/www.irreel.ch\/blog\/wp-json\/wp\/v2\/pages\/4647\/revisions\/4648"}],"up":[{"embeddable":true,"href":"https:\/\/www.irreel.ch\/blog\/wp-json\/wp\/v2\/pages\/32"}],"wp:attachment":[{"href":"https:\/\/www.irreel.ch\/blog\/wp-json\/wp\/v2\/media?parent=4647"}],"curies":[{"name":"wp","href":"https:\/\/api.w.org\/{rel}","templated":true}]}}