{"id":329,"date":"2008-12-06T08:35:10","date_gmt":"2008-12-06T06:35:10","guid":{"rendered":"http:\/\/www.irreel.org\/blog\/?page_id=329"},"modified":"2022-12-16T05:12:34","modified_gmt":"2022-12-16T04:12:34","slug":"lesprit-denfance","status":"publish","type":"page","link":"https:\/\/www.irreel.ch\/blog\/poesie\/lesprit-denfance\/","title":{"rendered":"L&rsquo;esprit d&rsquo;enfance"},"content":{"rendered":"\n<p>&nbsp;<\/p>\n<table border=\"0\" width=\"600\" cellspacing=\"0\" cellpadding=\"12\">\n<tbody>\n<tr>\n<td id=\"content\" valign=\"top\">l&rsquo;enfance et l&rsquo;esprit d&rsquo;enfance<\/td>\n<\/tr>\n<tr>\n<td id=\"content\" valign=\"top\">&nbsp;<\/td>\n<\/tr>\n<tr style=\"text-align: center;\">\n<td id=\"content\" valign=\"top\">\n<div>\n<div>\n<div>\n<p><span style=\"font-family: Comic Sans MS; font-size: x-small;\">L&rsquo;enfance, r\u00eave \u00e9veill\u00e9, prodige permanent, \u00e9merveillement des jours, perp\u00e9tuelle entr\u00e9e dans l&rsquo;\u00e9clat ouvert du temps.<\/span><\/p>\n<\/div>\n<\/div>\n<p><span style=\"font-family: Comic Sans MS; font-size: x-small;\">portes, paysages<\/span><\/p>\n<p>envol vers l&rsquo;enfance<\/p>\n<p>portes, paysages<\/p>\n<p>basculez,tournez,\u00e9pousez<\/p>\n<p>profondeurs bleut\u00e9es<\/p>\n<p>\u00e9clats cendr\u00e9s<\/p>\n<p>portes,visions,<\/p>\n<p>emportez,<\/p>\n<p>le bleu<\/p>\n<p>le bleu profond<\/p>\n<p>rires \u00e9clatant des nuages<\/p>\n<p>grelots, cloches<\/p>\n<p>fous rires<\/p>\n<p>air<\/p>\n<p>portes, paysages<\/p>\n<p>portez vos enfants au loin<\/p>\n<p>ouvrez l&rsquo;enfance de l&rsquo;esprit<\/p>\n<p>tournoyez, enivrez<\/p>\n<p>laissez glisser<\/p>\n<p>jusqu\u2019au<\/p>\n<p>r\u00eave<\/p>\n<\/div>\n<\/td>\n<\/tr>\n<tr>\n<\/tr>\n<tr>\n<\/tr>\n<tr>\n<\/tr>\n<\/tbody>\n<\/table>\n\n\n\n<p>un enfant, essai en allemand:\n\n\n<\/p>\n\n\n\n<p>ein kr\u00e4ftiges Kind<\/p>\n\n\n\n<p>ungeduldes<\/p>\n\n\n\n<p>gr\u00fcnes<\/p>\n\n\n\n<p>solch ein Gesicht<\/p>\n\n\n\n<p>un enfant vigoureux<\/p>\n\n\n\n<p>impatient<\/p>\n\n\n\n<p>vert<\/p>\n\n\n\n<p>un tel visage<\/p>\n\n\n\n<p><\/p>\n\n\n\n<p>Essais r\u00e9flexion: De l&rsquo;\u00e9merveillement:\n\n<\/p>\n\n\n\n<p>ph\u00e9nom\u00e8ne de la banalisation et de l&rsquo;\u00e9merveillement,<\/p>\n\n\n\n<p>passage de l&rsquo;homme sur la Terre, \u00e9merveillement de l&rsquo;enfance,<\/p>\n\n\n\n<p>garder cet \u00e9tat dans sa vie, :<\/p>\n\n\n\n<p>Je peux passer devant un paysage sans ne rien ressentir, pr\u00e9occup\u00e9 par autre chose, l&rsquo;\u00e2me ailleurs, ou au contraire rester devant le m\u00eame sujet longtemps, en contemplation, dix minutes, une heure, et \u00eatre de plus en plus \u00e9merveill\u00e9, interloqu\u00e9, stup\u00e9fait, devant l&rsquo;\u00e9clatante beaut\u00e9 et \u00e9tranget\u00e9 de l&rsquo;\u00eatre..<\/p>\n\n\n\n<p>Le jeu c\u2019est l\u2019enfance, article, extrait:\n\n<\/p>\n\n\n\n<p>\u00ab\u00a0Le jeu c\u2019est l\u2019enfance, l\u00e9ger, libre, l\u2019aventure, le jeu d\u2019enfant, les rires, o\u00f9 tout est possible. Le d\u00e9sir si intense de l\u2019enfant de jouer, et ses larmes ses cris, s\u2019il ne peut pas aller jouer, pas aller \u00e0 la place de jeu. Le jeu d\u2019enfant qui pr\u00e9pare un peu le monde des adultes, comme un entra\u00eenement au grand jeu.<\/p>\n\n\n\n<p>Le jeu c\u2019est l\u2019artiste, chez qui l\u2019enfance est rest\u00e9e vivante. Le d\u00e9sir si intense de l\u2019artiste de jouer, (jouer sa pi\u00e8ce de th\u00e9\u00e2tre, jouer son concert, \u2026) et ses d\u00e9ceptions, ses chagrins s\u2019il ne peut pas jouer.\u00a0\u00bb<\/p>\n\n\n\n<p>Articles \u00ab\u00a0esprit d&rsquo;enfance\u00a0\u00bb : <a href=\"https:\/\/www.irreel.ch\/blog\/sujet\/irreel\/enfance\/\">https:\/\/www.irreel.ch\/blog\/sujet\/irreel\/enfance\/<\/a><\/p>\n","protected":false},"excerpt":{"rendered":"<p>&nbsp; l&rsquo;enfance et l&rsquo;esprit d&rsquo;enfance &nbsp; L&rsquo;enfance, r\u00eave \u00e9veill\u00e9, prodige permanent, \u00e9merveillement des jours, perp\u00e9tuelle entr\u00e9e dans l&rsquo;\u00e9clat ouvert du temps. portes, paysages envol vers l&rsquo;enfance portes, paysages basculez,tournez,\u00e9pousez profondeurs bleut\u00e9es \u00e9clats cendr\u00e9s portes,visions,&#46;&#46;&#46;<\/p>\n","protected":false},"author":5,"featured_media":5170,"parent":4,"menu_order":1120,"comment_status":"open","ping_status":"closed","template":"","meta":{"sfsi_plus_gutenberg_text_before_share":"","sfsi_plus_gutenberg_show_text_before_share":"","sfsi_plus_gutenberg_icon_type":"","sfsi_plus_gutenberg_icon_alignemt":"","sfsi_plus_gutenburg_max_per_row":"","_EventAllDay":false,"_EventTimezone":"","_EventStartDate":"","_EventEndDate":"","_EventStartDateUTC":"","_EventEndDateUTC":"","_EventShowMap":false,"_EventShowMapLink":false,"_EventURL":"","_EventCost":"","_EventCostDescription":"","_EventCurrencySymbol":"","_EventCurrencyCode":"","_EventCurrencyPosition":"","_EventDateTimeSeparator":"","_EventTimeRangeSeparator":"","_EventOrganizerID":[],"_EventVenueID":[],"_OrganizerEmail":"","_OrganizerPhone":"","_OrganizerWebsite":"","_VenueAddress":"","_VenueCity":"","_VenueCountry":"","_VenueProvince":"","_VenueState":"","_VenueZip":"","_VenuePhone":"","_VenueURL":"","_VenueStateProvince":"","_VenueLat":"","_VenueLng":"","_VenueShowMap":false,"_VenueShowMapLink":false,"footnotes":""},"class_list":["post-329","page","type-page","status-publish","has-post-thumbnail","hentry"],"_links":{"self":[{"href":"https:\/\/www.irreel.ch\/blog\/wp-json\/wp\/v2\/pages\/329","targetHints":{"allow":["GET"]}}],"collection":[{"href":"https:\/\/www.irreel.ch\/blog\/wp-json\/wp\/v2\/pages"}],"about":[{"href":"https:\/\/www.irreel.ch\/blog\/wp-json\/wp\/v2\/types\/page"}],"author":[{"embeddable":true,"href":"https:\/\/www.irreel.ch\/blog\/wp-json\/wp\/v2\/users\/5"}],"replies":[{"embeddable":true,"href":"https:\/\/www.irreel.ch\/blog\/wp-json\/wp\/v2\/comments?post=329"}],"version-history":[{"count":19,"href":"https:\/\/www.irreel.ch\/blog\/wp-json\/wp\/v2\/pages\/329\/revisions"}],"predecessor-version":[{"id":6819,"href":"https:\/\/www.irreel.ch\/blog\/wp-json\/wp\/v2\/pages\/329\/revisions\/6819"}],"up":[{"embeddable":true,"href":"https:\/\/www.irreel.ch\/blog\/wp-json\/wp\/v2\/pages\/4"}],"wp:featuredmedia":[{"embeddable":true,"href":"https:\/\/www.irreel.ch\/blog\/wp-json\/wp\/v2\/media\/5170"}],"wp:attachment":[{"href":"https:\/\/www.irreel.ch\/blog\/wp-json\/wp\/v2\/media?parent=329"}],"curies":[{"name":"wp","href":"https:\/\/api.w.org\/{rel}","templated":true}]}}

<p>&nbsp;</p>
<table border="0" width="600" cellspacing="0" cellpadding="12">
<tbody>
<tr>
<td id="content" valign="top">l&rsquo;enfance et l&rsquo;esprit d&rsquo;enfance</td>
</tr>
<tr>
<td id="content" valign="top">&nbsp;</td>
</tr>
<tr style="text-align: center;">
<td id="content" valign="top">
<div>
<div>
<div>
<p><span style="font-family: Comic Sans MS; font-size: x-small;">L&rsquo;enfance, rêve éveillé, prodige permanent, émerveillement des jours, perpétuelle entrée dans l&rsquo;éclat ouvert du temps.</span></p>
</div>
</div>
<p><span style="font-family: Comic Sans MS; font-size: x-small;">portes, paysages</span></p>
<p>envol vers l&rsquo;enfance</p>
<p>portes, paysages</p>
<p>basculez,tournez,épousez</p>
<p>profondeurs bleutées</p>
<p>éclats cendrés</p>
<p>portes,visions,</p>
<p>emportez,</p>
<p>le bleu</p>
<p>le bleu profond</p>
<p>rires éclatant des nuages</p>
<p>grelots, cloches</p>
<p>fous rires</p>
<p>air</p>
<p>portes, paysages</p>
<p>portez vos enfants au loin</p>
<p>ouvrez l&rsquo;enfance de l&rsquo;esprit</p>
<p>tournoyez, enivrez</p>
<p>laissez glisser</p>
<p>jusqu’au</p>
<p>rêve</p>
</div>
</td>
</tr>
<tr>
</tr>
<tr>
</tr>
<tr>
</tr>
</tbody>
</table>



<p>un enfant, essai en allemand:


</p>



<p>ein kräftiges Kind</p>



<p>ungeduldes</p>



<p>grünes</p>



<p>solch ein Gesicht</p>



<p>un enfant vigoureux</p>



<p>impatient</p>



<p>vert</p>



<p>un tel visage</p>



<p></p>



<p>Essais réflexion: De l&rsquo;émerveillement:

</p>



<p>phénomène de la banalisation et de l&rsquo;émerveillement,</p>



<p>passage de l&rsquo;homme sur la Terre, émerveillement de l&rsquo;enfance,</p>



<p>garder cet état dans sa vie, :</p>



<p>Je peux passer devant un paysage sans ne rien ressentir, préoccupé par autre chose, l&rsquo;âme ailleurs, ou au contraire rester devant le même sujet longtemps, en contemplation, dix minutes, une heure, et être de plus en plus émerveillé, interloqué, stupéfait, devant l&rsquo;éclatante beauté et étrangeté de l&rsquo;être..</p>



<p>Le jeu c’est l’enfance, article, extrait:

</p>



<p>« Le jeu c’est l’enfance, léger, libre, l’aventure, le jeu d’enfant, les rires, où tout est possible. Le désir si intense de l’enfant de jouer, et ses larmes ses cris, s’il ne peut pas aller jouer, pas aller à la place de jeu. Le jeu d’enfant qui prépare un peu le monde des adultes, comme un entraînement au grand jeu.</p>



<p>Le jeu c’est l’artiste, chez qui l’enfance est restée vivante. Le désir si intense de l’artiste de jouer, (jouer sa pièce de théâtre, jouer son concert, …) et ses déceptions, ses chagrins s’il ne peut pas jouer. »</p>



<p>Articles « esprit d&rsquo;enfance » : <a href="https://www.irreel.ch/blog/sujet/irreel/enfance/">https://www.irreel.ch/blog/sujet/irreel/enfance/</a></p>

<p>&nbsp; l&rsquo;enfance et l&rsquo;esprit d&rsquo;enfance &nbsp; L&rsquo;enfance, rêve éveillé, prodige permanent, émerveillement des jours, perpétuelle entrée dans l&rsquo;éclat ouvert du temps. portes, paysages envol vers l&rsquo;enfance portes, paysages basculez,tournez,épousez profondeurs bleutées éclats cendrés portes,visions,&#46;&#46;&#46;</p>
