{"id":3259,"date":"2014-05-10T21:08:36","date_gmt":"2014-05-10T19:08:36","guid":{"rendered":"http:\/\/www.irreel.ch\/blog\/?page_id=3259"},"modified":"2024-01-22T09:56:12","modified_gmt":"2024-01-22T08:56:12","slug":"page-twitter","status":"publish","type":"page","link":"https:\/\/www.irreel.ch\/blog\/plan\/page-twitter\/","title":{"rendered":"Page Twitter du site"},"content":{"rendered":"\n<p>Nouvelles des activit\u00e9s de Daniel Thomas<br>@polymusicien<br>musicien, carillonneur, organiste,<br>improvisateur et compositeur,<br>essais litt\u00e9raires et recherches picturales. Lien : <a href=\"https:\/\/twitter.com\/polymusicien\" target=\"_blank\" rel=\"noreferrer noopener\">https:\/\/twitter.com\/polymusicien<\/a><\/p>\n\n\n\n<figure class=\"wp-block-embed is-type-rich is-provider-twitter wp-block-embed-twitter\"><div class=\"wp-block-embed__wrapper\">\n<blockquote class=\"twitter-tweet\" data-width=\"500\" data-dnt=\"true\"><p lang=\"fr\" dir=\"ltr\">Balade samedi, 2 mars 2024 09:30 Lutry Le prieur\u00e9 b\u00e9n\u00e9dictin viticole de Lutry et sa magnifique \u00e9glise priorale. Visite guid\u00e9e de l&#39;ancien monast\u00e8re qui est \u00e0 l&#39;origine du bourg de Lutry et de sa richesse. Prix : 30.- Frs. Visite sur r\u00e9servation : <a href=\"https:\/\/t.co\/ycd9We09GZ\">https:\/\/t.co\/ycd9We09GZ<\/a> <a href=\"https:\/\/t.co\/mRBF2q3NP3\">pic.twitter.com\/mRBF2q3NP3<\/a><\/p>&mdash; Daniel Thomas (@polymusicien) <a href=\"https:\/\/twitter.com\/polymusicien\/status\/1745151979112878160?ref_src=twsrc%5Etfw\">January 10, 2024<\/a><\/blockquote><script async src=\"https:\/\/platform.twitter.com\/widgets.js\" charset=\"utf-8\"><\/script>\n<\/div><figcaption class=\"wp-element-caption\">Un visite guid\u00e9e propos\u00e9e par l&rsquo;auteur avec une petit concert sur les orgues<\/figcaption><\/figure>\n\n\n\n<p><br><\/p>\n","protected":false},"excerpt":{"rendered":"<p>Nouvelles des activit\u00e9s de Daniel Thomas@polymusicienmusicien, carillonneur, organiste,improvisateur et compositeur,essais litt\u00e9raires et recherches picturales. Lien : https:\/\/twitter.com\/polymusicien<\/p>\n","protected":false},"author":191,"featured_media":5856,"parent":32,"menu_order":1220,"comment_status":"closed","ping_status":"closed","template":"","meta":{"sfsi_plus_gutenberg_text_before_share":"","sfsi_plus_gutenberg_show_text_before_share":"","sfsi_plus_gutenberg_icon_type":"","sfsi_plus_gutenberg_icon_alignemt":"","sfsi_plus_gutenburg_max_per_row":"","_EventAllDay":false,"_EventTimezone":"","_EventStartDate":"","_EventEndDate":"","_EventStartDateUTC":"","_EventEndDateUTC":"","_EventShowMap":false,"_EventShowMapLink":false,"_EventURL":"","_EventCost":"","_EventCostDescription":"","_EventCurrencySymbol":"","_EventCurrencyCode":"","_EventCurrencyPosition":"","_EventDateTimeSeparator":"","_EventTimeRangeSeparator":"","_EventOrganizerID":[],"_EventVenueID":[],"_OrganizerEmail":"","_OrganizerPhone":"","_OrganizerWebsite":"","_VenueAddress":"","_VenueCity":"","_VenueCountry":"","_VenueProvince":"","_VenueState":"","_VenueZip":"","_VenuePhone":"","_VenueURL":"","_VenueStateProvince":"","_VenueLat":"","_VenueLng":"","_VenueShowMap":false,"_VenueShowMapLink":false,"footnotes":""},"class_list":["post-3259","page","type-page","status-publish","has-post-thumbnail","hentry"],"_links":{"self":[{"href":"https:\/\/www.irreel.ch\/blog\/wp-json\/wp\/v2\/pages\/3259","targetHints":{"allow":["GET"]}}],"collection":[{"href":"https:\/\/www.irreel.ch\/blog\/wp-json\/wp\/v2\/pages"}],"about":[{"href":"https:\/\/www.irreel.ch\/blog\/wp-json\/wp\/v2\/types\/page"}],"author":[{"embeddable":true,"href":"https:\/\/www.irreel.ch\/blog\/wp-json\/wp\/v2\/users\/191"}],"replies":[{"embeddable":true,"href":"https:\/\/www.irreel.ch\/blog\/wp-json\/wp\/v2\/comments?post=3259"}],"version-history":[{"count":10,"href":"https:\/\/www.irreel.ch\/blog\/wp-json\/wp\/v2\/pages\/3259\/revisions"}],"predecessor-version":[{"id":7118,"href":"https:\/\/www.irreel.ch\/blog\/wp-json\/wp\/v2\/pages\/3259\/revisions\/7118"}],"up":[{"embeddable":true,"href":"https:\/\/www.irreel.ch\/blog\/wp-json\/wp\/v2\/pages\/32"}],"wp:featuredmedia":[{"embeddable":true,"href":"https:\/\/www.irreel.ch\/blog\/wp-json\/wp\/v2\/media\/5856"}],"wp:attachment":[{"href":"https:\/\/www.irreel.ch\/blog\/wp-json\/wp\/v2\/media?parent=3259"}],"curies":[{"name":"wp","href":"https:\/\/api.w.org\/{rel}","templated":true}]}}