{"id":2775,"date":"2012-04-19T12:40:30","date_gmt":"2012-04-19T10:40:30","guid":{"rendered":"http:\/\/www.irreel.org\/blog\/?page_id=2775"},"modified":"2020-09-03T11:03:01","modified_gmt":"2020-09-03T09:03:01","slug":"curriculum-de-lauteur","status":"publish","type":"page","link":"https:\/\/www.irreel.ch\/blog\/plan\/curriculum-de-lauteur\/","title":{"rendered":"Curriculum de l&rsquo;auteur"},"content":{"rendered":"\n<figure class=\"wp-block-image size-large is-resized\"><img loading=\"lazy\" decoding=\"async\" src=\"http:\/\/www.langages.ch\/blog\/wp-content\/portrait-d-thomas2.jpg\" alt=\"\" width=\"362\" height=\"315\"\/><\/figure>\n\n\n\n<p><span style=\"text-decoration: underline;\"><\/span>Daniel Thomas est passionn\u00e9 par les langages.<\/p>\n\n\n\n<p>Daniel Thomas, musicien<\/p>\n\n\n\n<p>Daniel Thomas est passionn\u00e9 par les langages. La vie est parcours, langage et communication, chaque jour nous apprend de nouvelles voies, les d\u00e9couvertes et les rencontres.<\/p>\n\n\n\n<p><strong>Orgue<\/strong> (<a rel=\"noreferrer noopener\" aria-label=\"organiste (s\u2019ouvre dans un nouvel onglet)\" href=\"http:\/\/www.langages.ch\/blog\/daniel-thomas-organiste\/\" target=\"_blank\">organiste<\/a>) (<a href=\"https:\/\/www.facebook.com\/Organiste.Daniel.Thomas\/\" target=\"_blank\" rel=\"noreferrer noopener\" aria-label=\"page FB (s\u2019ouvre dans un nouvel onglet)\">page FB<\/a>)<\/p>\n\n\n\n<p>L\u2019orgue et ses couleurs sonores orchestrales: il a obtenu en 1992 une virtuosit\u00e9 d\u2019orgue du Conservatoire de Lausanne et il est titulaire des orgues de l\u2019<a title=\"Abbaye de Monhteron\" rel=\"noopener noreferrer\" href=\"https:\/\/www.carillons.ch\/blog\/index-abbaye-de-montheron\/\" target=\"_blank\">abbaye de Montheron<\/a>, donnant de nombreux concerts li\u00e9s \u00e0 l\u2019orgue. Il est pr\u00e9sident de l&rsquo;Association des Amis de l&rsquo;Abbaye de Montheron, y organisant tout une saison de concerts autour de l&rsquo;orgue et de la musique vocale. Il est aussi titulaire des orgues de l&rsquo;<a href=\"http:\/\/www.langages.ch\/blog\/orgues-de-leglise-saint-etienne-de-bottens\/\" target=\"_blank\" rel=\"noreferrer noopener\" aria-label=\"\u00e9glise St-Etienne (s\u2019ouvre dans un nouvel onglet)\">\u00e9glise St-Etienne<\/a> de Bottens. Il a \u00e9t\u00e9 longtemps aussi secr\u00e9taire de l&rsquo;<a title=\"organistes romands\" rel=\"noopener noreferrer\" href=\"http:\/\/organistesromands.ch\" target=\"_blank\">Association des Organistes Romands<\/a>.<\/p>\n\n\n\n<p><strong>Carillon<\/strong> (<a rel=\"noreferrer noopener\" aria-label=\"carillonneur (s\u2019ouvre dans un nouvel onglet)\" href=\"http:\/\/www.langages.ch\/blog\/daniel-thomas-carillonneur\/\" target=\"_blank\">carillonneur<\/a>)<\/p>\n\n\n\n<p>Le carillon, musique des cloches dans le ciel: il a suivi des cours de carillon \u00e0 Amersfoort (Hollande) et \u00e0 Mechelen (Belgique). Il est carillonneur au <a rel=\"noreferrer noopener\" aria-label=\"carillon (s\u2019ouvre dans un nouvel onglet)\" href=\"http:\/\/www.langages.ch\/blog\/index-carillon-de-chantemerle-ses-48-cloches\/\" target=\"_blank\">carillon<\/a> de Chantemerle de 48 cloches, \u00e0 l\u2018<a rel=\"noreferrer noopener\" aria-label=\"\u00e9glise de la Rosiaz (s\u2019ouvre dans un nouvel onglet)\" href=\"http:\/\/www.langages.ch\/blog\/eglise-de-pully-la-rosiaz\/\" target=\"_blank\">\u00e9glise de la Rosiaz<\/a> \u00e0 Pully (Lausanne). Il est pr\u00e9sident de l&rsquo;Association des Amis du Carillon de Chantemerle, y organisant tout une saison de concerts autour du carillon. Il est aussi tr\u00e9sorier de la <a title=\"carillonneurs suisses\" rel=\"noopener noreferrer\" href=\"http:\/\/campanae.ch\/\" target=\"_blank\">Guilde des Carillonneurs<\/a> et Campanologues Suisses.  Il fait construire un carillon de <a rel=\"noreferrer noopener\" aria-label=\"52 cloches (s\u2019ouvre dans un nouvel onglet)\" href=\"http:\/\/www.langages.ch\/blog\/carillon-de-labbaye-de-montheron-en-construction\/\" target=\"_blank\">52 cloches<\/a> \u00e0 l&rsquo;Abbaye de Montheron et participe \u00e0 la construction d&rsquo;un grand <a rel=\"noreferrer noopener\" aria-label=\"carillon (s\u2019ouvre dans un nouvel onglet)\" href=\"http:\/\/www.langages.ch\/blog\/carillon-de-moutier-en-construction\/\" target=\"_blank\">carillon<\/a> \u00e0 Moutier.<\/p>\n\n\n\n<p><strong>Composition<\/strong> (<a href=\"http:\/\/www.irreel.ch\/blog\/musique\/compositions-musicales\/\">compositeur<\/a>) (page <a href=\"https:\/\/www.facebook.com\/DanielThomasCompositions\/\" target=\"_blank\" rel=\"noreferrer noopener\" aria-label=\" (s\u2019ouvre dans un nouvel onglet)\">FB<\/a>)<\/p>\n\n\n\n<p>La <a title=\"compositions musicales de Daniel Thomas\" href=\"http:\/\/www.irreel.ch\/blog\/musique\/compositions-musicales\/\" target=\"_blank\" rel=\"noopener noreferrer\">composition musicale<\/a>&nbsp;: il a \u00e9tudi\u00e9 avec le compositeur roumain Lucian Metianu. Il \u00e9crit dans un style proche de la peinture, par couleurs sonores, pour diff\u00e9rents ensembles ou pour instruments solo comme la guitare, le carillon ou le piano, paysages et impressions musicales, avec, par exemple, en 2011, la cr\u00e9ation de son quatuor \u00ab&nbsp;<a title=\"quatuor \u00e0 cordes \" href=\"https:\/\/www.irreel.ch\/blog\/quatuor-a-cordes\/\" target=\"_blank\" rel=\"noopener noreferrer\">Jeux et dialogues<\/a>&nbsp;\u00bb par le quatuor Terpsycordes.<\/p>\n\n\n\n<p><strong>Improvisation et piano<\/strong> (<a href=\"http:\/\/www.irreel.ch\/blog\/musique\/improvisation-musicale\/\">improvisateur<\/a>)  (page <a href=\"https:\/\/www.facebook.com\/DanielThomasCompositions\/\" target=\"_blank\" rel=\"noreferrer noopener\" aria-label=\"FB (s\u2019ouvre dans un nouvel onglet)\">FB<\/a>)<\/p>\n\n\n\n<p>Dans les concerts, \u00e0 c\u00f4t\u00e9 de pi\u00e8ces du r\u00e9pertoire, il <a title=\"improvisation musicale\" href=\"http:\/\/www.irreel.ch\/blog\/musique\/improvisation-musicale\/\" target=\"_blank\" rel=\"noopener noreferrer\">improvise des musiques<\/a> inspir\u00e9es de ph\u00e9nom\u00e8nes naturels, paysages, montagnes, lacs, jeux d&rsquo;eaux, fleurs, oiseaux, portraits. Il aime le c\u00f4t\u00e9 vivant et instantan\u00e9 de l&rsquo;improvisation qui capte l&rsquo;atmosph\u00e8re de l&rsquo;instant. Il appr\u00e9cie surtout les nuances du piano et du carillon pour l&rsquo;improvisation, et aime aussi beaucoup improviser en duo <a title=\"chant et piano en improvisation\" href=\"https:\/\/www.irreel.ch\/blog\/improvisation-chant-et-piano\/\" target=\"_blank\" rel=\"noopener noreferrer\">piano avec chant<\/a> sur des po\u00e8mes.<\/p>\n\n\n\n<p><strong>Peinture<\/strong> (<a href=\"http:\/\/www.irreel.ch\/blog\/peinture\/\">artiste-peintre<\/a>) (page <a href=\"https:\/\/www.facebook.com\/Daniel.Thomas.Peintures\/\" target=\"_blank\" rel=\"noreferrer noopener\" aria-label=\"FB (s\u2019ouvre dans un nouvel onglet)\">FB<\/a>)<\/p>\n\n\n\n<p>Transmettre en images ce que l\u2019on ressent, le langage visuel: il a \u00e9tudi\u00e9 la peinture en autodidacte. Il expose des <a title=\"oeuvres picturales\" rel=\"noopener noreferrer\" href=\"http:\/\/www.irreel.ch\/blog\/peinture\/\" target=\"_blank\">oeuvres picturales<\/a> en techniques mixtes ou des monotypes, impressions color\u00e9es des jours, \u00e9voluant parall\u00e8lement \u00e0 ses compositions musicales&nbsp;: la recherche en peinture dans le monde des couleurs participe de la m\u00eame recherche en musique dans les couleurs sonores. En autres <a title=\"expositions\" rel=\"noopener noreferrer\" href=\"http:\/\/www.irreel.org\/blog\/peinture\/expositions\/\" target=\"_blank\">expositions<\/a>, il a expos\u00e9 au Mus\u00e9e de l\u2019Estampe de l\u2019Etat de Mexico.<\/p>\n\n\n\n<p><strong>Visites guid\u00e9es<\/strong> (<a rel=\"noreferrer noopener\" aria-label=\"guide (s\u2019ouvre dans un nouvel onglet)\" href=\"http:\/\/www.langages.ch\/blog\/daniel-thomas-visites-guidees\/\" target=\"_blank\">guide<\/a>) (page <a href=\"https:\/\/www.facebook.com\/Daniel.Thomas.Visites\/\" target=\"_blank\" rel=\"noreferrer noopener\" aria-label=\"FB (s\u2019ouvre dans un nouvel onglet)\">FB<\/a>)<\/p>\n\n\n\n<p>Visites guid\u00e9es, balades historiques \u00e0 la d\u00e9couverte, regard propos\u00e9es par Daniel Thomas.<\/p>\n\n\n\n<p><strong>Essais litt\u00e9raires et langues<\/strong> (<a rel=\"noreferrer noopener\" href=\"http:\/\/www.irreel.ch\/blog\/poesie\/poemes-polyglottes\/?fbclid=IwAR2Xt5U5RlmYZA_upvXwkq1zqo-0-anweN4nYgNBYr13NIY75zqvZO0VR9o\" target=\"_blank\">polyglotte<\/a>)<\/p>\n\n\n\n<p>Les mots pour dire sa vie et rencontrer les \u00eatres: il a obtenu en 1984, la licence \u00e8s Lettres (grec, latin, philosophie) \u00e0 Lausanne, il est <a rel=\"noreferrer noopener\" aria-label=\"polyglotte (s\u2019ouvre dans un nouvel onglet)\" href=\"http:\/\/www.langages.ch\/blog\/polyglotte\/\" target=\"_blank\">polyglotte<\/a> et \u00e9crit des<a title=\"essais en langues\" rel=\"noopener noreferrer\" href=\"http:\/\/www.irreel.ch\/blog\/poesie\/poemes-polyglottes\/\" target=\"_blank\"> po\u00e8mes et essais<\/a> en de nombreuses langues.<\/p>\n\n\n\n<p><strong>Fruits<\/strong> et fleurs de fruits (culture des <a rel=\"noreferrer noopener\" href=\"http:\/\/www.irreel.ch\/blog\/sujet\/jardin\/fruit-jardin\/?fbclid=IwAR2_HshKK10fKbCK2v674SvxNXdeINtsi21UwlWnIf5tpYwp1Q0a711-PQw\" target=\"_blank\">fruits<\/a>) (page <a href=\"https:\/\/www.facebook.com\/fruitsjardin\/\" target=\"_blank\" rel=\"noreferrer noopener\" aria-label=\"FB (s\u2019ouvre dans un nouvel onglet)\">FB<\/a>)<\/p>\n\n\n\n<p>Culture en son jardin de 416 arbres et arbustes fruitiers, dont 304 vari\u00e9t\u00e9s diff\u00e9rentes.<\/p>\n\n\n\n<p><a title=\"curriculum en diff\u00e9rentes langues\" href=\"http:\/\/www.irreel.ch\/blog\/sujet\/style\/curriculum\/\" target=\"_blank\" rel=\"noopener noreferrer\">Curriculum en d&rsquo;autres langues<\/a> (curriculum in different languages).<\/p>\n","protected":false},"excerpt":{"rendered":"<p>Daniel Thomas est passionn\u00e9 par les langages. Daniel Thomas, musicien Daniel Thomas est passionn\u00e9 par les langages. La vie est parcours, langage et communication, chaque jour nous apprend de nouvelles voies, les d\u00e9couvertes et&#46;&#46;&#46;<\/p>\n","protected":false},"author":191,"featured_media":0,"parent":32,"menu_order":990,"comment_status":"open","ping_status":"closed","template":"","meta":{"sfsi_plus_gutenberg_text_before_share":"","sfsi_plus_gutenberg_show_text_before_share":"","sfsi_plus_gutenberg_icon_type":"","sfsi_plus_gutenberg_icon_alignemt":"","sfsi_plus_gutenburg_max_per_row":"","_EventAllDay":false,"_EventTimezone":"","_EventStartDate":"","_EventEndDate":"","_EventStartDateUTC":"","_EventEndDateUTC":"","_EventShowMap":false,"_EventShowMapLink":false,"_EventURL":"","_EventCost":"","_EventCostDescription":"","_EventCurrencySymbol":"","_EventCurrencyCode":"","_EventCurrencyPosition":"","_EventDateTimeSeparator":"","_EventTimeRangeSeparator":"","_EventOrganizerID":[],"_EventVenueID":[],"_OrganizerEmail":"","_OrganizerPhone":"","_OrganizerWebsite":"","_VenueAddress":"","_VenueCity":"","_VenueCountry":"","_VenueProvince":"","_VenueState":"","_VenueZip":"","_VenuePhone":"","_VenueURL":"","_VenueStateProvince":"","_VenueLat":"","_VenueLng":"","_VenueShowMap":false,"_VenueShowMapLink":false,"footnotes":""},"class_list":["post-2775","page","type-page","status-publish","hentry"],"_links":{"self":[{"href":"https:\/\/www.irreel.ch\/blog\/wp-json\/wp\/v2\/pages\/2775","targetHints":{"allow":["GET"]}}],"collection":[{"href":"https:\/\/www.irreel.ch\/blog\/wp-json\/wp\/v2\/pages"}],"about":[{"href":"https:\/\/www.irreel.ch\/blog\/wp-json\/wp\/v2\/types\/page"}],"author":[{"embeddable":true,"href":"https:\/\/www.irreel.ch\/blog\/wp-json\/wp\/v2\/users\/191"}],"replies":[{"embeddable":true,"href":"https:\/\/www.irreel.ch\/blog\/wp-json\/wp\/v2\/comments?post=2775"}],"version-history":[{"count":40,"href":"https:\/\/www.irreel.ch\/blog\/wp-json\/wp\/v2\/pages\/2775\/revisions"}],"predecessor-version":[{"id":6698,"href":"https:\/\/www.irreel.ch\/blog\/wp-json\/wp\/v2\/pages\/2775\/revisions\/6698"}],"up":[{"embeddable":true,"href":"https:\/\/www.irreel.ch\/blog\/wp-json\/wp\/v2\/pages\/32"}],"wp:attachment":[{"href":"https:\/\/www.irreel.ch\/blog\/wp-json\/wp\/v2\/media?parent=2775"}],"curies":[{"name":"wp","href":"https:\/\/api.w.org\/{rel}","templated":true}]}}

<figure class="wp-block-image size-large is-resized"><img loading="lazy" decoding="async" src="http://www.langages.ch/blog/wp-content/portrait-d-thomas2.jpg" alt="" width="362" height="315"/></figure>



<p><span style="text-decoration: underline;"></span>Daniel Thomas est passionné par les langages.</p>



<p>Daniel Thomas, musicien</p>



<p>Daniel Thomas est passionné par les langages. La vie est parcours, langage et communication, chaque jour nous apprend de nouvelles voies, les découvertes et les rencontres.</p>



<p><strong>Orgue</strong> (<a rel="noreferrer noopener" aria-label="organiste (s’ouvre dans un nouvel onglet)" href="http://www.langages.ch/blog/daniel-thomas-organiste/" target="_blank">organiste</a>) (<a href="https://www.facebook.com/Organiste.Daniel.Thomas/" target="_blank" rel="noreferrer noopener" aria-label="page FB (s’ouvre dans un nouvel onglet)">page FB</a>)</p>



<p>L’orgue et ses couleurs sonores orchestrales: il a obtenu en 1992 une virtuosité d’orgue du Conservatoire de Lausanne et il est titulaire des orgues de l’<a title="Abbaye de Monhteron" rel="noopener noreferrer" href="https://www.carillons.ch/blog/index-abbaye-de-montheron/" target="_blank">abbaye de Montheron</a>, donnant de nombreux concerts liés à l’orgue. Il est président de l&rsquo;Association des Amis de l&rsquo;Abbaye de Montheron, y organisant tout une saison de concerts autour de l&rsquo;orgue et de la musique vocale. Il est aussi titulaire des orgues de l&rsquo;<a href="http://www.langages.ch/blog/orgues-de-leglise-saint-etienne-de-bottens/" target="_blank" rel="noreferrer noopener" aria-label="église St-Etienne (s’ouvre dans un nouvel onglet)">église St-Etienne</a> de Bottens. Il a été longtemps aussi secrétaire de l&rsquo;<a title="organistes romands" rel="noopener noreferrer" href="http://organistesromands.ch" target="_blank">Association des Organistes Romands</a>.</p>



<p><strong>Carillon</strong> (<a rel="noreferrer noopener" aria-label="carillonneur (s’ouvre dans un nouvel onglet)" href="http://www.langages.ch/blog/daniel-thomas-carillonneur/" target="_blank">carillonneur</a>)</p>



<p>Le carillon, musique des cloches dans le ciel: il a suivi des cours de carillon à Amersfoort (Hollande) et à Mechelen (Belgique). Il est carillonneur au <a rel="noreferrer noopener" aria-label="carillon (s’ouvre dans un nouvel onglet)" href="http://www.langages.ch/blog/index-carillon-de-chantemerle-ses-48-cloches/" target="_blank">carillon</a> de Chantemerle de 48 cloches, à l‘<a rel="noreferrer noopener" aria-label="église de la Rosiaz (s’ouvre dans un nouvel onglet)" href="http://www.langages.ch/blog/eglise-de-pully-la-rosiaz/" target="_blank">église de la Rosiaz</a> à Pully (Lausanne). Il est président de l&rsquo;Association des Amis du Carillon de Chantemerle, y organisant tout une saison de concerts autour du carillon. Il est aussi trésorier de la <a title="carillonneurs suisses" rel="noopener noreferrer" href="http://campanae.ch/" target="_blank">Guilde des Carillonneurs</a> et Campanologues Suisses.  Il fait construire un carillon de <a rel="noreferrer noopener" aria-label="52 cloches (s’ouvre dans un nouvel onglet)" href="http://www.langages.ch/blog/carillon-de-labbaye-de-montheron-en-construction/" target="_blank">52 cloches</a> à l&rsquo;Abbaye de Montheron et participe à la construction d&rsquo;un grand <a rel="noreferrer noopener" aria-label="carillon (s’ouvre dans un nouvel onglet)" href="http://www.langages.ch/blog/carillon-de-moutier-en-construction/" target="_blank">carillon</a> à Moutier.</p>



<p><strong>Composition</strong> (<a href="http://www.irreel.ch/blog/musique/compositions-musicales/">compositeur</a>) (page <a href="https://www.facebook.com/DanielThomasCompositions/" target="_blank" rel="noreferrer noopener" aria-label=" (s’ouvre dans un nouvel onglet)">FB</a>)</p>



<p>La <a title="compositions musicales de Daniel Thomas" href="http://www.irreel.ch/blog/musique/compositions-musicales/" target="_blank" rel="noopener noreferrer">composition musicale</a>&nbsp;: il a étudié avec le compositeur roumain Lucian Metianu. Il écrit dans un style proche de la peinture, par couleurs sonores, pour différents ensembles ou pour instruments solo comme la guitare, le carillon ou le piano, paysages et impressions musicales, avec, par exemple, en 2011, la création de son quatuor «&nbsp;<a title="quatuor à cordes " href="https://www.irreel.ch/blog/quatuor-a-cordes/" target="_blank" rel="noopener noreferrer">Jeux et dialogues</a>&nbsp;» par le quatuor Terpsycordes.</p>



<p><strong>Improvisation et piano</strong> (<a href="http://www.irreel.ch/blog/musique/improvisation-musicale/">improvisateur</a>)  (page <a href="https://www.facebook.com/DanielThomasCompositions/" target="_blank" rel="noreferrer noopener" aria-label="FB (s’ouvre dans un nouvel onglet)">FB</a>)</p>



<p>Dans les concerts, à côté de pièces du répertoire, il <a title="improvisation musicale" href="http://www.irreel.ch/blog/musique/improvisation-musicale/" target="_blank" rel="noopener noreferrer">improvise des musiques</a> inspirées de phénomènes naturels, paysages, montagnes, lacs, jeux d&rsquo;eaux, fleurs, oiseaux, portraits. Il aime le côté vivant et instantané de l&rsquo;improvisation qui capte l&rsquo;atmosphère de l&rsquo;instant. Il apprécie surtout les nuances du piano et du carillon pour l&rsquo;improvisation, et aime aussi beaucoup improviser en duo <a title="chant et piano en improvisation" href="https://www.irreel.ch/blog/improvisation-chant-et-piano/" target="_blank" rel="noopener noreferrer">piano avec chant</a> sur des poèmes.</p>



<p><strong>Peinture</strong> (<a href="http://www.irreel.ch/blog/peinture/">artiste-peintre</a>) (page <a href="https://www.facebook.com/Daniel.Thomas.Peintures/" target="_blank" rel="noreferrer noopener" aria-label="FB (s’ouvre dans un nouvel onglet)">FB</a>)</p>



<p>Transmettre en images ce que l’on ressent, le langage visuel: il a étudié la peinture en autodidacte. Il expose des <a title="oeuvres picturales" rel="noopener noreferrer" href="http://www.irreel.ch/blog/peinture/" target="_blank">oeuvres picturales</a> en techniques mixtes ou des monotypes, impressions colorées des jours, évoluant parallèlement à ses compositions musicales&nbsp;: la recherche en peinture dans le monde des couleurs participe de la même recherche en musique dans les couleurs sonores. En autres <a title="expositions" rel="noopener noreferrer" href="http://www.irreel.org/blog/peinture/expositions/" target="_blank">expositions</a>, il a exposé au Musée de l’Estampe de l’Etat de Mexico.</p>



<p><strong>Visites guidées</strong> (<a rel="noreferrer noopener" aria-label="guide (s’ouvre dans un nouvel onglet)" href="http://www.langages.ch/blog/daniel-thomas-visites-guidees/" target="_blank">guide</a>) (page <a href="https://www.facebook.com/Daniel.Thomas.Visites/" target="_blank" rel="noreferrer noopener" aria-label="FB (s’ouvre dans un nouvel onglet)">FB</a>)</p>



<p>Visites guidées, balades historiques à la découverte, regard proposées par Daniel Thomas.</p>



<p><strong>Essais littéraires et langues</strong> (<a rel="noreferrer noopener" href="http://www.irreel.ch/blog/poesie/poemes-polyglottes/?fbclid=IwAR2Xt5U5RlmYZA_upvXwkq1zqo-0-anweN4nYgNBYr13NIY75zqvZO0VR9o" target="_blank">polyglotte</a>)</p>



<p>Les mots pour dire sa vie et rencontrer les êtres: il a obtenu en 1984, la licence ès Lettres (grec, latin, philosophie) à Lausanne, il est <a rel="noreferrer noopener" aria-label="polyglotte (s’ouvre dans un nouvel onglet)" href="http://www.langages.ch/blog/polyglotte/" target="_blank">polyglotte</a> et écrit des<a title="essais en langues" rel="noopener noreferrer" href="http://www.irreel.ch/blog/poesie/poemes-polyglottes/" target="_blank"> poèmes et essais</a> en de nombreuses langues.</p>



<p><strong>Fruits</strong> et fleurs de fruits (culture des <a rel="noreferrer noopener" href="http://www.irreel.ch/blog/sujet/jardin/fruit-jardin/?fbclid=IwAR2_HshKK10fKbCK2v674SvxNXdeINtsi21UwlWnIf5tpYwp1Q0a711-PQw" target="_blank">fruits</a>) (page <a href="https://www.facebook.com/fruitsjardin/" target="_blank" rel="noreferrer noopener" aria-label="FB (s’ouvre dans un nouvel onglet)">FB</a>)</p>



<p>Culture en son jardin de 416 arbres et arbustes fruitiers, dont 304 variétés différentes.</p>



<p><a title="curriculum en différentes langues" href="http://www.irreel.ch/blog/sujet/style/curriculum/" target="_blank" rel="noopener noreferrer">Curriculum en d&rsquo;autres langues</a> (curriculum in different languages).</p>

<p>Daniel Thomas est passionné par les langages. Daniel Thomas, musicien Daniel Thomas est passionné par les langages. La vie est parcours, langage et communication, chaque jour nous apprend de nouvelles voies, les découvertes et&#46;&#46;&#46;</p>
