{"id":1673,"date":"2011-01-03T22:56:56","date_gmt":"2011-01-03T20:56:56","guid":{"rendered":"http:\/\/www.irreel.org\/blog\/"},"modified":"2024-10-18T20:41:52","modified_gmt":"2024-10-18T18:41:52","slug":"photographies","status":"publish","type":"page","link":"https:\/\/www.irreel.ch\/blog\/peinture\/photographies\/","title":{"rendered":"Photographies \/ irr\u00e9el"},"content":{"rendered":"\n<figure class=\"wp-block-image\"><a href=\"http:\/\/www.irreel.ch\/blog\/wp-content\/uploads\/couleurs-du-reel-2.jpg\"><img loading=\"lazy\" decoding=\"async\" width=\"300\" height=\"206\" src=\"http:\/\/www.irreel.ch\/blog\/wp-content\/uploads\/couleurs-du-reel-2-300x206.jpg\" alt=\"\" class=\"wp-image-5756\" srcset=\"https:\/\/www.irreel.ch\/blog\/wp-content\/uploads\/couleurs-du-reel-2-300x206.jpg 300w, https:\/\/www.irreel.ch\/blog\/wp-content\/uploads\/couleurs-du-reel-2-150x103.jpg 150w, https:\/\/www.irreel.ch\/blog\/wp-content\/uploads\/couleurs-du-reel-2-768x528.jpg 768w, https:\/\/www.irreel.ch\/blog\/wp-content\/uploads\/couleurs-du-reel-2-1024x704.jpg 1024w, https:\/\/www.irreel.ch\/blog\/wp-content\/uploads\/couleurs-du-reel-2.jpg 1063w\" sizes=\"auto, (max-width: 300px) 100vw, 300px\" \/><\/a><figcaption class=\"wp-element-caption\">L&rsquo;irr\u00e9alit\u00e9 des jours<\/figcaption><\/figure>\n\n\n\n<p>Visions du r\u00e9el, l\u2019irr\u00e9elle r\u00e9alit\u00e9, r\u00eaves \u00e9veill\u00e9s, songes les yeux ouverts<\/p>\n\n\n\n<p>Visions du r\u00e9el, l\u2019irr\u00e9elle r\u00e9alit\u00e9, r\u00eaves \u00e9veill\u00e9s, songes les yeux ouverts, la r\u00e9alit\u00e9 o\u00f9 est-elle, ou plut\u00f4t para\u00eet-elle seulement r\u00e9elle, ou le r\u00e9el est-il aussi un imaginaire?<\/p>\n\n\n\n<p>Voir les articles \u00ab\u00a0visions du r\u00e9el\u00a0\u00bb : <a href=\"https:\/\/www.irreel.ch\/blog\/sujet\/peinture\/photographie\/\">https:\/\/www.irreel.ch\/blog\/sujet\/peinture\/photographie\/<\/a><\/p>\n","protected":false},"excerpt":{"rendered":"<p>Visions du r\u00e9el, l\u2019irr\u00e9elle r\u00e9alit\u00e9, r\u00eaves \u00e9veill\u00e9s, songes les yeux ouverts Visions du r\u00e9el, l\u2019irr\u00e9elle r\u00e9alit\u00e9, r\u00eaves \u00e9veill\u00e9s, songes les yeux ouverts, la r\u00e9alit\u00e9 o\u00f9 est-elle, ou plut\u00f4t para\u00eet-elle seulement r\u00e9elle, ou le r\u00e9el&#46;&#46;&#46;<\/p>\n","protected":false},"author":191,"featured_media":0,"parent":2,"menu_order":1400,"comment_status":"open","ping_status":"closed","template":"","meta":{"sfsi_plus_gutenberg_text_before_share":"","sfsi_plus_gutenberg_show_text_before_share":"","sfsi_plus_gutenberg_icon_type":"","sfsi_plus_gutenberg_icon_alignemt":"","sfsi_plus_gutenburg_max_per_row":"","_EventAllDay":false,"_EventTimezone":"","_EventStartDate":"","_EventEndDate":"","_EventStartDateUTC":"","_EventEndDateUTC":"","_EventShowMap":false,"_EventShowMapLink":false,"_EventURL":"","_EventCost":"","_EventCostDescription":"","_EventCurrencySymbol":"","_EventCurrencyCode":"","_EventCurrencyPosition":"","_EventDateTimeSeparator":"","_EventTimeRangeSeparator":"","_EventOrganizerID":[],"_EventVenueID":[],"_OrganizerEmail":"","_OrganizerPhone":"","_OrganizerWebsite":"","_VenueAddress":"","_VenueCity":"","_VenueCountry":"","_VenueProvince":"","_VenueState":"","_VenueZip":"","_VenuePhone":"","_VenueURL":"","_VenueStateProvince":"","_VenueLat":"","_VenueLng":"","_VenueShowMap":false,"_VenueShowMapLink":false,"footnotes":""},"class_list":["post-1673","page","type-page","status-publish","hentry"],"_links":{"self":[{"href":"https:\/\/www.irreel.ch\/blog\/wp-json\/wp\/v2\/pages\/1673","targetHints":{"allow":["GET"]}}],"collection":[{"href":"https:\/\/www.irreel.ch\/blog\/wp-json\/wp\/v2\/pages"}],"about":[{"href":"https:\/\/www.irreel.ch\/blog\/wp-json\/wp\/v2\/types\/page"}],"author":[{"embeddable":true,"href":"https:\/\/www.irreel.ch\/blog\/wp-json\/wp\/v2\/users\/191"}],"replies":[{"embeddable":true,"href":"https:\/\/www.irreel.ch\/blog\/wp-json\/wp\/v2\/comments?post=1673"}],"version-history":[{"count":9,"href":"https:\/\/www.irreel.ch\/blog\/wp-json\/wp\/v2\/pages\/1673\/revisions"}],"predecessor-version":[{"id":7176,"href":"https:\/\/www.irreel.ch\/blog\/wp-json\/wp\/v2\/pages\/1673\/revisions\/7176"}],"up":[{"embeddable":true,"href":"https:\/\/www.irreel.ch\/blog\/wp-json\/wp\/v2\/pages\/2"}],"wp:attachment":[{"href":"https:\/\/www.irreel.ch\/blog\/wp-json\/wp\/v2\/media?parent=1673"}],"curies":[{"name":"wp","href":"https:\/\/api.w.org\/{rel}","templated":true}]}}