{"id":1208,"date":"2010-12-15T19:30:34","date_gmt":"2010-12-15T17:30:34","guid":{"rendered":"http:\/\/www.irreel.org\/blog\/"},"modified":"2022-12-15T22:18:45","modified_gmt":"2022-12-15T21:18:45","slug":"essais-comptes-rendus","status":"publish","type":"page","link":"https:\/\/www.irreel.ch\/blog\/poesie\/essais-comptes-rendus\/","title":{"rendered":"Essais comptes rendus"},"content":{"rendered":"\n<p>non en prose<\/p>\n\n\n\n<p>( rendre compte d&rsquo;un \u00e9v\u00e9nements par des \u00e9vocations, de libres parcours de mots et d&rsquo;images )<\/p>\n\n\n\n<p>apr\u00e8s un film ou une pi\u00e8ce de th\u00e9\u00e2tre, apr\u00e8s une exposition ou de la danse, &#8230;<\/p>\n\n\n\n<p>Articles \u00ab\u00a0Essais comptes rendus\u00a0\u00bb du site irreel.ch: <a href=\"https:\/\/www.irreel.ch\/blog\/sujet\/poesie\/compte-rendu\/\">https:\/\/www.irreel.ch\/blog\/sujet\/poesie\/compte-rendu\/<\/a><\/p>\n","protected":false},"excerpt":{"rendered":"<p>non en prose ( rendre compte d&rsquo;un \u00e9v\u00e9nements par des \u00e9vocations, de libres parcours de mots et d&rsquo;images ) apr\u00e8s un film ou une pi\u00e8ce de th\u00e9\u00e2tre, apr\u00e8s une exposition ou de la danse,&#46;&#46;&#46;<\/p>\n","protected":false},"author":191,"featured_media":5019,"parent":4,"menu_order":222,"comment_status":"open","ping_status":"closed","template":"","meta":{"sfsi_plus_gutenberg_text_before_share":"","sfsi_plus_gutenberg_show_text_before_share":"","sfsi_plus_gutenberg_icon_type":"","sfsi_plus_gutenberg_icon_alignemt":"","sfsi_plus_gutenburg_max_per_row":"","_EventAllDay":false,"_EventTimezone":"","_EventStartDate":"","_EventEndDate":"","_EventStartDateUTC":"","_EventEndDateUTC":"","_EventShowMap":false,"_EventShowMapLink":false,"_EventURL":"","_EventCost":"","_EventCostDescription":"","_EventCurrencySymbol":"","_EventCurrencyCode":"","_EventCurrencyPosition":"","_EventDateTimeSeparator":"","_EventTimeRangeSeparator":"","_EventOrganizerID":[],"_EventVenueID":[],"_OrganizerEmail":"","_OrganizerPhone":"","_OrganizerWebsite":"","_VenueAddress":"","_VenueCity":"","_VenueCountry":"","_VenueProvince":"","_VenueState":"","_VenueZip":"","_VenuePhone":"","_VenueURL":"","_VenueStateProvince":"","_VenueLat":"","_VenueLng":"","_VenueShowMap":false,"_VenueShowMapLink":false,"footnotes":""},"class_list":["post-1208","page","type-page","status-publish","has-post-thumbnail","hentry"],"_links":{"self":[{"href":"https:\/\/www.irreel.ch\/blog\/wp-json\/wp\/v2\/pages\/1208","targetHints":{"allow":["GET"]}}],"collection":[{"href":"https:\/\/www.irreel.ch\/blog\/wp-json\/wp\/v2\/pages"}],"about":[{"href":"https:\/\/www.irreel.ch\/blog\/wp-json\/wp\/v2\/types\/page"}],"author":[{"embeddable":true,"href":"https:\/\/www.irreel.ch\/blog\/wp-json\/wp\/v2\/users\/191"}],"replies":[{"embeddable":true,"href":"https:\/\/www.irreel.ch\/blog\/wp-json\/wp\/v2\/comments?post=1208"}],"version-history":[{"count":7,"href":"https:\/\/www.irreel.ch\/blog\/wp-json\/wp\/v2\/pages\/1208\/revisions"}],"predecessor-version":[{"id":6807,"href":"https:\/\/www.irreel.ch\/blog\/wp-json\/wp\/v2\/pages\/1208\/revisions\/6807"}],"up":[{"embeddable":true,"href":"https:\/\/www.irreel.ch\/blog\/wp-json\/wp\/v2\/pages\/4"}],"wp:featuredmedia":[{"embeddable":true,"href":"https:\/\/www.irreel.ch\/blog\/wp-json\/wp\/v2\/media\/5019"}],"wp:attachment":[{"href":"https:\/\/www.irreel.ch\/blog\/wp-json\/wp\/v2\/media?parent=1208"}],"curies":[{"name":"wp","href":"https:\/\/api.w.org\/{rel}","templated":true}]}}